*i + 147 = 0, -3*q + 2*i = 2*q - 233. Calculate the remainder when q is divided by 4.
1
Let g be 1 + -2*2/(-4). What is the remainder when g/7 - (-729)/21 is divided by 12?
11
Let c be (0 + 1/(-2))*0. Let z = c + 12. Let r(g) = g**3 + 4*g**2 - 3*g + 10. Calculate the remainder when r(-4) is divided by z.
10
Suppose -3*l + 95 = 2*l. What is the remainder when 74 is divided by l?
17
Let s = -3 + -3. Let k = 0 - s. What is the remainder when 3 is divided by (-24)/(-10) - k/15?
1
Let v(f) = 3 + 8 - 18 - 4*f + 4. What is the remainder when v(-5) is divided by 6?
5
Let d = 48 + 77. Calculate the remainder when d is divided by 32.
29
Let q(b) = 5*b**2 - b. Let s be q(1). Suppose -2 + s = 2*r. Suppose -3*w = -3*v + 2 + r, -2*w + 28 = 3*v. What is the remainder when 23 is divided by v?
5
Suppose r = -5*q + 34, 2*r - 10 = q - 2*r. Calculate the remainder when 7 is divided by q.
1
Let n(i) = 3*i**2 + 2*i - 2. Let q be n(3). Let c = -93 - -137. Let t = c - q. Calculate the remainder when 25 is divided by t.
12
Let g(r) = -r**2 + 12*r - 3. Let s(m) = -m + 1. Let h be s(-2). Suppose -4*o = 5*f - 91, -h*f + 4*f + 1 = 4*o. What is the remainder when g(8) is divided by f?
14
Let i = -1184 - -1206. Calculate the remainder when i is divided by (8/3)/(4/18).
10
Suppose 2*i - 7 = 47. What is the remainder when 901/(-17)*1*-1 is divided by i?
26
Suppose -g - 2 = -1, 5*a - 102 = 2*g. Calculate the remainder when 97 is divided by a.
17
Let r = 43 - 19. Suppose 1 = g - 4. Suppose r = g*a - 116. What is the remainder when a is divided by 15?
13
Let i(y) = 7 - 2*y + 28 + y - 8. Suppose 4*a + 0*a = 32. Calculate the remainder when i(12) is divided by a.
7
Suppose 2*i + 3*c = 135, -6*i + 2*i - 2*c = -258. Suppose 3*f - i = -0*f. What is the remainder when ((-68)/(-6))/(7/f) is divided by 18?
16
Let a(m) = -6*m - 8. Let g(x) = -3*x**2 + 3*x - 3. Let i be g(2). What is the remainder when a(i) is divided by 16?
14
What is the remainder when 38 is divided by 32/(-10)*(-40)/16?
6
Suppose 60 = -4*d + 92. What is the remainder when 38 is divided by d?
6
Let i(m) = m**3 + 5*m**2 - 2*m + 3. Calculate the remainder when 38 is divided by i(-5).
12
Suppose 5*w + 3*q - 2*q - 10 = 0, 2*q = -2*w + 4. Suppose 5*v + 35 = 3*r + 4*v, -w = v. Calculate the remainder when r is divided by 4.
3
Let c = 58 - -10. Let k(r) = r**2 + r - 9. Let y(m) = -1. Let a(w) = k(w) - 2*y(w). What is the remainder when c is divided by a(5)?
22
Let c(t) = -t**3 + 2*t**2 + 2*t + 1. Let w be c(-1). Let n(a) = 3*a**2 - 3*a + 3. Calculate the remainder when n(w) is divided by 5.
4
Calculate the remainder when -2 + (-4)/((-8)/70) is divided by 19 + 2/(-4 - -3).
16
Suppose 20 = -3*k - 2*k. What is the remainder when 63/6*k/(-3) is divided by 5?
4
Let a(f) = f**3 - 10*f**2 + 11*f - 12. Let n = 23 - 14. Calculate the remainder when 16 is divided by a(n).
4
Let t = -1 + 15. What is the remainder when 82 is divided by t?
12
Let d = -1 - -10. What is the remainder when d is divided by 3?
0
Suppose 2*d + 5 = 3. Let h(b) = 2*b**2 + 0*b**2 - 18*b + 17*b. Calculate the remainder when 8 is divided by h(d).
2
Suppose 0 = 3*o + 3*q - 91 - 83, 3*o = -4*q + 177. Calculate the remainder when o is divided by 20.
15
Calculate the remainder when 67 is divided by 1 - (1 - (35 - 0)).
32
Suppose 4*i = -6*i + 50. What is the remainder when 19 is divided by i?
4
Let f(q) = 4 - q + q**3 + 3*q**2 - 5*q**2 + q**2 - 3. Suppose -4*l + 18 = 4*c - 2*c, l = -2*c + 9. Calculate the remainder when 46 is divided by f(l).
14
Let r(c) = -c**2 - 6*c + 9. Let p be r(-7). Suppose -2*i - i + u = 25, p*i - 4*u = 0. Let f = i - -28. Calculate the remainder when f is divided by 10.
8
Suppose b + 2*b = -15, 5*m - 195 = 2*b. What is the remainder when m is divided by 10?
7
Suppose -3*p = 12, -3*c + 0*p + 4*p + 130 = 0. Suppose -2*j = 11 - 1, -3*u = -3*j - 93. Suppose -t = t - u. What is the remainder when c is divided by t?
12
Suppose 3*w + i = 103, w + 2*i - 31 = -0*i. What is the remainder when w is divided by 18?
17
Let s = 16 + -10. Let d = s - 2. What is the remainder when 10 is divided by d?
2
Let y(z) = 3*z**2 - 38*z + 27. Let k(s) = -s**2 + s + 3. What is the remainder when y(12) is divided by k(0)?
0
Let u be (-15 + 2/2)*-2. Let b = u + -17. Let s = 9 + 11. Calculate the remainder when s is divided by b.
9
Let x = 10 - 7. Let v = 6 - x. Calculate the remainder when 1 is divided by (-2)/v + (-20)/(-12).
0
Let o(k) = -17*k**3 + k**2 + 2*k + 1. Calculate the remainder when o(-1) is divided by 4.
1
Calculate the remainder when 128/(-6)*(-27)/12 is divided by 25.
23
Suppose -3*d = -d - 26. Let p(m) = -m**2 + 21*m + 94. What is the remainder when p(23) is divided by d?
9
Suppose 5*a + 55 = -5*c, -33 + 5 = 2*a + 4*c. What is the remainder when 24 is divided by 2/a - 53/(-4)?
11
Let n = 89 - 45. Suppose -5*d + 4 = -1, -d = 5*r - 41. Let w(t) = 2*t - 1. What is the remainder when n is divided by w(r)?
14
Suppose -5*m = -4*t - 36, -2*m - 3*t + 3 - 7 = 0. Suppose 0 = -0*j - 2*j + 16. Suppose m*h - 40 = j. What is the remainder when 22 is divided by h?
10
Let u be (296/(-5))/(1/(-5)). Let b = 257 - 116. Suppose -3*n - b + 359 = 2*k, 4*n + 4*k = u. What is the remainder when n is divided by 24?
22
Let l(f) = 8*f**2 - 1. Suppose 5*g - 18 = -g. What is the remainder when -1 + 11 + 6/g is divided by l(-1)?
5
Suppose s + 4*w = -s - 10, -w = 4*s + 20. Let u(z) = -8*z - 6. What is the remainder when u(s) is divided by 1/(-1*(-1)/12)?
10
Suppose 0*u - u - r + 3 = 0, -2*u - 3*r + 8 = 0. Calculate the remainder when (-9)/u*(-7 - -4) is divided by 14.
13
Let f(a) = -a**2 - 10*a + 4. Calculate the remainder when f(-5) is divided by 9.
2
Let g = -37 + 81. What is the remainder when g is divided by 23?
21
Suppose -3*n - 2 = 10, 3*w + 5*n - 115 = 0. Let i = 85 - 61. What is the remainder when w is divided by i?
21
Let i be 1 + -1 - 46/(-2). Suppose i + 172 = 5*x. What is the remainder when x is divided by 21?
18
Let i be (-2898)/24 + (-3)/(-4). Let y = -67 - i. What is the remainder when y is divided by 18?
17
Suppose -4*s - m + 174 = 9, -3*s + 3*m + 135 = 0. What is the remainder when s is divided by 22?
20
Suppose b - 1 = 2. Suppose -3*a + 3 = -b. Calculate the remainder when (68/12)/(a/6) is divided by 6.
5
Calculate the remainder when 4/(-5) - (-1436)/20 is divided by 25.
21
Suppose -4*z + 30 = -0*z + 2*k, -4*k + 6 = 2*z. What is the remainder when z is divided by 4?
1
Let f(x) = 2*x**2 - 8*x + 6. Let c be f(8). Suppose -c = 4*s - 2. Let b = s - -34. Calculate the remainder when 32 is divided by b.
15
Suppose 27*c - 2*c = 1175. Calculate the remainder when c is divided by 27.
20
Let x(l) = 65*l**2. Let n = -16 + 17. Calculate the remainder when x(n) is divided by 17.
14
Suppose 2*y - 4*y = -28. Let t = 10 - y. Let q = t - -8. What is the remainder when q is divided by 3?
1
Suppose -3*t = -147 - 120. Let a = t + -26. Calculate the remainder when a is divided by 16.
15
Suppose 0 = -w - 4*r - 13, r = -w - 6 + 5. Suppose -2*s + w = -s. Let t = 8 - s. Calculate the remainder when 18 is divided by t.
3
Let y(i) = -2*i + 3 + i**3 - 3*i + 4*i**2 + 4*i. What is the remainder when y(3) is divided by 16?
15
Suppose 5*l - 81 + 21 = 0. Calculate the remainder when l is divided by 5.
2
Calculate the remainder when 19 is divided by 6/(-4) - (-25)/2.
8
Suppose 0 = 3*n + d - 16, -1 = -3*n - 5*d + 7. Calculate the remainder when 140/n - 6/(-9) is divided by 13.
11
Suppose -3*o + 18 = 3*j, -4*j = -j + 6. Suppose -o*v + v + 336 = 0. What is the remainder when v is divided by 13?
9
Let g = 12 + -8. Suppose 5*k - 2*z - 60 = -g*z, 3*z = -2*k + 35. Let x = 529 + -492. What is the remainder when x is divided by k?
7
Let a be (1/(-1))/(2/(-534)). What is the remainder when ((-111)/12)/((-1)/4) is divided by 2/7 - a/(-21)?
11
Suppose 4*n - n + 27 = 0. Let u = 43 + n. Let f(m) = 2*m**2 + m + 6. Calculate the remainder when u is divided by f(-2).
10
Suppose 2*g + 3*v - 3 = 0, -3*g - 5*v + 0 = -2. What is the remainder when g is divided by 5?
4
Suppose 4*s - p = 4, -3*s - 2*p - 8 = -0*s. Suppose -3*v + v + 48 = s. Calculate the remainder when v is divided by 13.
11
Suppose 40 = 3*f - 4*h, -5*f + 9 + 15 = 4*h. Calculate the remainder when 53 is divided by f.
5
What is the remainder when 65 is divided